s -d6 + d87?
c91
In base 4, what is -212312110 + 32?
-212312012
In base 14, what is -32867c + -3b?
-3286b9
In base 6, what is 213 - 213315012?
-213314355
In base 13, what is -1 + -1055479?
-105547a
In base 4, what is -3 + -12220313323?
-12220313332
In base 6, what is 2 - -1144054013?
1144054015
In base 11, what is -34125 - -1a60?
-32175
In base 8, what is -7 - 11222444?
-11222453
In base 16, what is 7b1b8 - 5a?
7b15e
In base 6, what is 1023 + -3401012?
-3355545
In base 7, what is -21602151 + -3?
-21602154
In base 11, what is -704 - -15324?
14720
In base 14, what is -992a + -765?
-a291
In base 3, what is -11000011100 + -11220?
-11000100020
In base 9, what is 875 + 22618?
23604
In base 15, what is 185 - 1344?
-11ae
In base 8, what is 410 - 1400164?
-1377554
In base 14, what is 7a38b275 - -4?
7a38b279
In base 6, what is -415234 + 1434?
-413400
In base 6, what is 3043 + 153150?
200233
In base 14, what is -4 + -22a596?
-22a59a
In base 6, what is -5 + -455220011?
-455220020
In base 6, what is 10312230 + 4?
10312234
In base 14, what is 1c81160 - 2?
1c8115c
In base 14, what is 7999bb + 3?
7999c0
In base 7, what is -4506242 - -2545?
-4503364
In base 13, what is 21c415 - 1?
21c414
In base 6, what is 1011333 + 2021?
1013354
In base 8, what is -15271471 + -16?
-15271507
In base 12, what is -3741b90 - 8?
-3741b98
In base 12, what is -b4324 + 33?
-b42b1
In base 8, what is 430 - 24601?
-24151
In base 10, what is -4 - -53106112?
53106108
In base 2, what is -100100111111110010101000 + 1100?
-100100111111110010011100
In base 14, what is 206a3709 - 3?
206a3706
In base 6, what is 13 + 1552253224?
1552253241
In base 3, what is 2201011100112 + 2020?
2201011102202
In base 14, what is 129c + -12b14?
-11856
In base 16, what is -f6039 + 0?
-f6039
In base 3, what is -12 + -222021111112021?
-222021111112110
In base 16, what is 40 - 3745a9?
-374569
In base 3, what is -10020001222002 - -12?
-10020001221220
In base 4, what is 130230201322 + -112?
130230201210
In base 3, what is -12022200021022110 - -22?
-12022200021022011
In base 4, what is 102301233331230 + 10?
102301233331300
In base 2, what is 1100011100 + -10010110011001?
-10001001111101
In base 11, what is 4761215 + 2?
4761217
In base 12, what is -15aa - 1013?
-2601
In base 14, what is 1 + 16ad372?
16ad373
In base 5, what is 134404 - -44123?
234032
In base 8, what is -105066 + 1557?
-103307
In base 11, what is -5 + 777a7980?
777a7976
In base 5, what is 12440304442 + -3?
12440304434
In base 11, what is -605 + -83864?
-84369
In base 14, what is -14b9928 - 0?
-14b9928
In base 11, what is 4 + -9872102a?
-98721026
In base 3, what is -122111 - -1202120022?
1201220211
In base 7, what is -1012420 - -50?
-1012340
In base 16, what is -f + -2777338?
-2777347
In base 14, what is -a11d355a - -3?
-a11d3557
In base 9, what is -1030 - -47072?
46042
In base 6, what is 32 - -24401242?
24401314
In base 15, what is 1d529200 + -4?
1d5291eb
In base 13, what is 1 - 20b51cb5?
-20b51cb4
In base 3, what is 10221 + 121221010102?
121221021100
In base 16, what is f0 - -1276c?
1285c
In base 5, what is 2013314041102 + -1?
2013314041101
In base 7, what is -2553 - -20314?
14431
In base 10, what is -1736609 - 1?
-1736610
In base 13, what is -bb2 + 28ba4?
27cc2
In base 12, what is 95372 + 87?
95439
In base 15, what is 8e + 1d33e1?
1d3480
In base 2, what is -1100110001100011110 - -10110?
-1100110001100001000
In base 11, what is 28861583 + -10?
28861573
In base 9, what is -5 + -5025777?
-5025783
In base 13, what is -22 + -1a6845?
-1a6867
In base 11, what is 4 + -1896428?
-1896424
In base 11, what is 107a8 + -7335?
4473
In base 9, what is 13502 - -364?
13866
In base 12, what is 11 - -3145a39?
3145a4a
In base 4, what is -32020033 - -2330?
-32011103
In base 4, what is -31 + 3201112110?
3201112013
In base 11, what is 1099 + 2435?
3523
In base 16, what is 9a944f + 0?
9a944f
In base 2, what is -100111000010000001010011011 + 0?
-100111000010000001010011011
In base 7, what is -21166012 - -4?
-21166005
In base 10, what is -13321 + 397?
-12924
In base 9, what is -436 + -38533?
-40070
In base 14, what is -28b897 - -6?
-28b891
In base 9, what is 3 - -138506601?
138506604
In base 5, what is -2201030 - 2303?
-2203333
In base 13, what is 250636 - 5?
250631
In base 13, what is -2 + 310778?
310776
In base 12, what is -2084a231 + 0?
-2084a231
In base 10, what is -19 + 6193?
6174
In base 11, what is -2486300 - 3?
-2486303
In base 5, what is -23344223 - 102?
-23344330
In base 6, what is -4 + 123241050?
123241042
In base 13, what is 537 + -4a7c7?
-4a290
In base 4, what is 300132003330 - 0?
300132003330
In base 9, what is -1727186 - -123?
-1727063
In base 10, what is 866864 + -295?
866569
In base 8, what is 25027534 + -4?
25027530
In base 7, what is -15101240 - 0?
-15101240
In base 15, what is 1e1 + -6e46?
-6c55
In base 4, what is 20201201 - 1220230?
12320311
In base 2, what is -11 - -100101010111000010011011?
100101010111000010011000
In base 4, what is -13101 - -211132?
132031
In base 9, what is 1682658 - 218?
1682440
In base 5, what is -10301 + -43203041?
-43213342
In base 14, what is d5a94b57 - 3?
d5a94b54
In base 16, what is 154 + 8bb?
a0f
In base 13, what is 1c6a036 + 1?
1c6a037
In base 9, what is 3868726 + 4?
3868731
In base 10, what is 1867430 - -2?
1867432
In base 13, what is 5067 + 37?
50a1
In base 8, what is -1 - -232361762?
232361761
In base 7, what is 162444 + 1642?
164416
In base 3, what is 200122212 - 201011001?
-111012
In base 12, what is 1 - 612358?
-612357
In base 5, what is -1421 - 223321?
-230242
In base 14, what is -243 + -560b7?
-5631a
In base 7, what is 66612556543 - -4?
66612556550
In base 4, what is 1031 + -232202203?
-232201112
In base 3, what is -1220 - -200010010201?
200010001211
In base 11, what is 349608 - -709?
34a216
In base 13, what is 583cb91 - 5?
583cb89
In base 4, what is 223 + -1110333301?
-1110333012
In base 14, what is 5a04a - 3c0?
59a6a
In base 5, what is -43144320 + 103?
-43144212
In base 11, what is 1384 + 7154?
8528
In base 4, what is 3 - 10120203102022?
-10120203102013
In base 13, what is 2914 - b6?
282b
In base 4, what is 13321 - -1233?
21220
In base 3, what is 222102101012 - -121?
222102101210
In base 16, what is 1baf + -e20?
d8f
In base 15, what is 10c4e + -5?
10c49
In base 14, what is -1d484b1 + 8?
-1d484a7
In base 2, what is 10101001110111001110001 - 1001?
10101001110111001101000
In base 11, what is 55741 + -10?
55731
In base 13, what is -169 - -53887?
5371b
In base 7, what is 1622201501 + -3?
1622201465
In base 7, what is -1010525 - 2001?
-1012526
In base 12, what is -202218 - 47?
-202263
In base 12, what is 68b4 + 4235?
ab29
In base 12, what is 653b1707 - -3?
653b170a
In base 7, what is -101 - -1015013?
1014612
In base 2, what is 1000100110000101111 - 100010100?
1000100101100011011
In base 8, what is -35432 + 13365?
-22045
In base 12, what is -2 + -243382?
-243384
In base 3, what is 21012121101 - -2210?
21012201011
In base 11, what is 324327 - 21?
324306
In base 15, what is ae9 - 4e9c2?
-4ddc8
In base 9, what is -14277 - -253?
-14024
In base 4, what is -122111032 + -221?
-122111313
In base 13, what is -5 - -c900135?
c900130
In base 4, what is 0 + 22303223103?
22303223103
In base 9, what is 2 - 12378668?
-12378666
In base 11, what is -20a17 - 12?
-20a29
In base 7, what is 210 + -12156631?
-12156421
In base 5, what is 11324334 + -113?
11324221
In base 8, what is -707766 + -13?
-710001
In base 12, what is -a - -2b29435?
2b29427
In base 6, what is 324004015 - 13?
324004002
In base 14, what is 24 + 56a47?
56a6b
In base 5, what is -13 - -210221032?
210221014
In base 9, what is -215886 + -755?
-216752
In base 5, what is -32100403334 + 4?
-32100403330
In base 6, what is -13132001225 - 4?
-13132001233
In base 11, what is 5206 + 1a12?
7118
In base 10, what is 40 + -93653?
-93613
In base 14, what is -3 - -a6c7ca8?
a6c7ca5
In base 7, what is -6 + 222121603?
222121564
In base 13, what is 6 - -12859ca2?
12859ca8
In base 14, what is -1 - 238b4d8?
-238b4d9
In base 5, what is 2344303223 + -3?
2344303220
In base 4, what is 1302321113101 + -11?
1302321113030
In base 10, what is 365891282 - -1?
365891283
In base 9, what is 48005071 - 4?
48005066
In base 3, what is 11 - -120201201112122?
120201201112210
In base 12, what is 45585 + -8?
45579
In